at is the tens digit of 505?
0
What is the tens digit of 249?
4
What is the units digit of 1712?
2
What is the units digit of 247?
7
What is the hundreds digit of 22536?
5
What is the hundreds digit of 619?
6
What is the hundreds digit of 524?
5
What is the thousands digit of 41330?
1
What is the hundreds digit of 2594?
5
What is the hundreds digit of 3851?
8
What is the hundreds digit of 945?
9
What is the hundreds digit of 892?
8
What is the tens digit of 3259?
5
What is the ten thousands digit of 20852?
2
What is the hundreds digit of 1371?
3
What is the hundreds digit of 7905?
9
What is the units digit of 4974?
4
What is the tens digit of 132045?
4
What is the hundreds digit of 6406?
4
What is the units digit of 3782?
2
What is the hundreds digit of 125597?
5
What is the units digit of 554?
4
What is the thousands digit of 48520?
8
What is the units digit of 772?
2
What is the thousands digit of 10618?
0
What is the tens digit of 10979?
7
What is the thousands digit of 2745?
2
What is the units digit of 4352?
2
What is the thousands digit of 26906?
6
What is the hundreds digit of 64302?
3
What is the tens digit of 1018?
1
What is the hundreds digit of 4991?
9
What is the hundreds digit of 1974?
9
What is the thousands digit of 20694?
0
What is the hundreds digit of 3180?
1
What is the tens digit of 1497?
9
What is the thousands digit of 9942?
9
What is the ten thousands digit of 15716?
1
What is the thousands digit of 6115?
6
What is the tens digit of 813?
1
What is the tens digit of 1986?
8
What is the thousands digit of 2202?
2
What is the units digit of 708?
8
What is the units digit of 3265?
5
What is the thousands digit of 15259?
5
What is the hundreds digit of 855?
8
What is the units digit of 18186?
6
What is the tens digit of 52807?
0
What is the hundreds digit of 78004?
0
What is the units digit of 1402?
2
What is the ten thousands digit of 20581?
2
What is the hundreds digit of 95314?
3
What is the units digit of 66437?
7
What is the thousands digit of 26036?
6
What is the hundreds digit of 57072?
0
What is the ten thousands digit of 24295?
2
What is the tens digit of 24172?
7
What is the tens digit of 605?
0
What is the thousands digit of 45514?
5
What is the ten thousands digit of 15595?
1
What is the ten thousands digit of 77662?
7
What is the hundreds digit of 22665?
6
What is the tens digit of 764?
6
What is the tens digit of 39352?
5
What is the units digit of 53?
3
What is the hundreds digit of 3244?
2
What is the ten thousands digit of 10734?
1
What is the tens digit of 63103?
0
What is the ten thousands digit of 81365?
8
What is the thousands digit of 32871?
2
What is the units digit of 73712?
2
What is the tens digit of 11217?
1
What is the hundreds digit of 19236?
2
What is the tens digit of 4261?
6
What is the tens digit of 101802?
0
What is the hundreds digit of 50367?
3
What is the tens digit of 397?
9
What is the tens digit of 4197?
9
What is the thousands digit of 3914?
3
What is the units digit of 234?
4
What is the tens digit of 3780?
8
What is the hundreds digit of 2352?
3
What is the units digit of 99812?
2
What is the thousands digit of 11594?
1
What is the hundreds digit of 402?
4
What is the ten thousands digit of 19701?
1
What is the tens digit of 508?
0
What is the thousands digit of 4087?
4
What is the hundreds digit of 336?
3
What is the ten thousands digit of 11122?
1
What is the units digit of 643?
3
What is the hundreds digit of 1399?
3
What is the units digit of 575?
5
What is the thousands digit of 39469?
9
What is the hundreds digit of 36503?
5
What is the thousands digit of 6897?
6
What is the hundreds digit of 44067?
0
What is the ten thousands digit of 15124?
1
What is the tens digit of 2767?
6
What is the hundreds digit of 15331?
3
What is the units digit of 1318?
8
What is the units digit of 137705?
5
What is the units digit of 6708?
8
What is the units digit of 1939?
9
What is the hundreds digit of 7900?
9
What is the tens digit of 1789?
8
What is the units digit of 1315?
5
What is the tens digit of 1672?
7
What is the ten thousands digit of 27582?
2
What is the units digit of 41011?
1
What is the hundreds digit of 588?
5
What is the hundreds digit of 35315?
3
What is the units digit of 266?
6
What is the hundreds digit of 3667?
6
What is the ten thousands digit of 13894?
1
What is the tens digit of 2453?
5
What is the hundreds digit of 1276?
2
What is the hundred thousands digit of 139565?
1
What is the units digit of 18164?
4
What is the tens digit of 30?
3
What is the tens digit of 2641?
4
What is the hundreds digit of 624?
6
What is the units digit of 115140?
0
What is the thousands digit of 9454?
9
What is the tens digit of 6706?
0
What is the tens digit of 296?
9
What is the tens digit of 3377?
7
What is the thousands digit of 45534?
5
What is the thousands digit of 52125?
2
What is the units digit of 147?
7
What is the thousands digit of 4533?
4
What is the units digit of 18766?
6
What is the tens digit of 1227?
2
What is the tens digit of 61423?
2
What is the thousands digit of 6588?
6
What is the thousands digit of 5842?
5
What is the tens digit of 7835?
3
What is the units digit of 3476?
6
What is the hundreds digit of 1584?
5
What is the thousands digit of 39516?
9
What is the units digit of 5502?
2
What is the hundreds digit of 54547?
5
What is the tens digit of 8581?
8
What is the tens digit of 34435?
3
What is the tens digit of 735?
3
What is the hundreds digit of 801?
8
What is the thousands digit of 52856?
2
What is the tens digit of 5745?
4
What is the ten thousands digit of 60552?
6
What is the thousands digit of 7001?
7
What is the tens digit of 171?
7
What is the hundreds digit of 19661?
6
What is the thousands digit of 12596?
2
What is the tens digit of 1259?
5
What is the ten thousands digit of 72587?
7
What is the units digit of 5719?
9
What is the tens digit of 5397?
9
What is the thousands digit of 27101?
7
What is the hundreds digit of 213?
2
What is the hundreds digit of 35060?
0
What is the tens digit of 6127?
2
What is the units digit of 10423?
3
What is the hundred thousands digit of 100973?
1
What is the hundreds digit of 2822?
8
What is the hundreds digit of 4338?
3
What is the units digit of 814?
4
What is the units digit of 25789?
9
What is the thousands digit of 10146?
0
What is the units digit of 2939?
9
What is the thousands digit of 13513?
3
What is the units digit of 1331?
1
What is the thousands digit of 85545?
5
What is the tens digit of 552?
5
What is the units digit of 97?
7
What is the hundreds digit of 33467?
4
What is the thousands digit of 1777?
1
What is the units digit of 1377?
7
What is the units digit of 1002?
2
What is the units digit of 1307?
7
What is the hundreds digit of 73392?
3
What is the tens digit of 764?
6
What is the hundreds digit of 3121?
1
What is the ten thousands digit of 30405?
3
What is the tens digit of 7601?
0
What is the tens digit of 4697?
9
What is the hundreds digit of 2397?
3
What is the thousands digit of 2985?
2
What is the tens digit of 1284?
8
What is the tens digit of 12803?
0
What is the tens digit of 18838?
3
What is the tens digit of 2875?
7
What is the units digit of 12095?
5
What is the hundreds digit of 1448?
4
What is the thousands digit of 4804?
4
What is the tens digit of 966?
6
What is the units digit of 2383?
3
What is the hundreds digit of 654?
6
What is the units digit of 6353?
3
What is the units digit of 1888?
8
What is the thousands digit of 4137?
4
What is the tens digit of 42043?
4
What is the hundreds digit of 28566?
5
What is the tens digit of 885?
8
What is the hundreds digit of 5838?
8
What is the tens digit of 1461?
6
What is the units digit of 897?
7
What is the tens digit of 52?
5
What is the tens digit of 649?
4
What is the units digit of 2983?
3
What is the tens digit of 1360?
6
What is the hundreds digit of 2593?
5
What is the ten thousands digit of 25290?
2
What is the hundreds digit of 665?
6
What is the hundreds digit of 2154?
1
What is the hundreds digit of 34183?
1
What is the hundreds digit of 274?
2
What is the tens digit of 21595?
9
What is the tens digit of 93195?
9
What is the hundreds digit of 531?
5
What is the hundred thousands digit of 133564?
1
What is the thousan